) = -7*y**3 - y**2 + 2*y + 1. Suppose -2*t + 31*t - 58 = 0. Give p(t).
-55
Let k(i) be the first derivative of 3/2*i**2 - 1/4*i**4 + 5*i + 6 - i**3. What is k(-4)?
9
Let f = -19 + 12. Let l = f + 13. Let c(a) = 1 - 6 - 7 - a**2 - l*a + 3. What is c(-6)?
-9
Let z(m) = 10*m**2 - 4 + 13*m**3 - 6*m**3 - 7*m**2 + 3 + m. What is z(-2)?
-47
Let z(b) = -b**2 + 2*b + 19. Let i(q) = -2*q**2 + 3*q + 41. Let h(r) = 2*i(r) - 5*z(r). Determine h(9).
32
Let l(h) = 10 + h - 2*h - 16 - 3*h. Suppose -3*n + 4*i = 17, 0 = -i - 2 + 1. Determine l(n).
22
Let w(a) = 2*a**2 - 2*a + 1. Let n be w(2). Let s(z) = -5 + 4*z - n*z + z**3 + 2*z + 5*z**2. Suppose 71*b - 40 = 79*b. Give s(b).
-10
Let y(z) be the first derivative of z**4/4 + 11*z**3/3 - 5*z**2 + 13*z - 229. Calculate y(-12).
-11
Let a(j) be the second derivative of -11*j**4/12 + j**3/2 - j**2 - j - 14. Give a(1).
-10
Let o(l) = 2*l - 19. Suppose c + 1 = -2*b, -4*b - 31 = -11. Determine o(c).
-1
Let b(f) = -f**3 - 5*f**2 + f + 6. Let a(y) = y - 1. Let p(x) = -6*a(x) - b(x). What is p(-6)?
6
Let n(m) = -10*m**3 - m + 1. Suppose -672 = 11*r - 5*r. Let i = 113 + r. Give n(i).
-10
Let z(m) = -m**3 - 3*m**2 + 2*m. Let q(b) = -b**2 - 30*b - 203. Let a be q(-20). What is z(a)?
-6
Let f = -16 + 18. Let j(u) = -1 + 12*u + f*u + 5*u - 14*u. Give j(-1).
-6
Let v = 5 - -1. Suppose 5*a - 88 = 12. Let p(m) = -15*m - 4*m + a*m - v. Calculate p(0).
-6
Suppose -t - 10 = 3*b, -2*b + 4*t + 16 - 46 = 0. Let p(a) = 2*a + 10. Calculate p(b).
0
Let t(w) = -2*w**3 + w**2 + 8*w**3 - 2*w**2. Suppose 3*y + 11 + 13 = 3*l, -5*l + 5 = 2*y. Let x(d) = -3*d - 14. Let s be x(y). Give t(s).
5
Let b(g) = g**2 - 16*g + 15. Suppose 42 = 56*d - 53*d. What is b(d)?
-13
Let h be (81/(-36))/(9/(-24)). Suppose 0*y + 2*z + 17 = 3*y, 0 = -2*y - 3*z + 7. Let n(q) = y*q**2 + 0*q - q**3 + 0*q + 3 + 6*q. Calculate n(h).
3
Let l be 28/12 + (-2)/6. Let p(v) = -v**3 - 2 + 2*v**3 + 1 - 3*v**l + 2*v. Let n be p(3). Let k(i) = i. Give k(n).
5
Let r(n) = -2*n**2 + n + 1. Let x(c) = 3*c**2 + 5*c + 5. Let s(q) = r(q) + x(q). What is s(-5)?
1
Let w(r) = -r**2 + 2*r - 1. Suppose d = 4*m + 3*d, 5*m = -4*d. Let y be -6*((-9)/6 + m). Let o = -6 + y. Calculate w(o).
-4
Let a(m) = -m**3 - 5*m**2 + 2*m + 6. Suppose 4*d + 140 = -24*d. Give a(d).
-4
Let a(z) = 2*z. Let u = 17 + -38. Let n be 27/u + (-6)/(-21). Let g be ((-21)/(-35))/(n/(-5)). Calculate a(g).
6
Let u(b) = b**2 + 11*b + 2. Let s(f) = -f**3 + 11*f**2 - 19*f + 1. Let x be s(9). Give u(x).
-22
Suppose 6*z = -0*z - 24. Let t(g) = -g**3 - 5*g**2 - 4*g + 1. Determine t(z).
1
Let q be (1/(-3))/(-2 - 55/(-30)). Let n(x) = -14*x**2 + 24*x**q - 2 + 3 - 11*x**2. Let o = 1 - 3. Give n(o).
-3
Let p(s) = s. Let g(z) = -13*z - 17. Let d be g(-2). Suppose -10*x - d + 39 = 0. Give p(x).
3
Let z(f) be the first derivative of f**4/4 + f**3 - 3*f**2 - f + 135. Calculate z(-4).
7
Let h be (-11)/(715/(-26)) + 37/(-5). Let k(s) = 3*s + 7. Determine k(h).
-14
Let f(a) = 1. Let d(g) = -g + 13. Let u(o) = d(o) - 5*f(o). Let z be 24/14*(-714)/153. Determine u(z).
16
Let q(o) = 7*o**2 + o + 3. Let t(b) = 3*b**2 - 3. Let j(u) = -3*u**2 + 4. Let m(c) = -4*j(c) - 5*t(c). Let v(r) = 5*m(r) + 2*q(r). Calculate v(3).
-2
Let f = 15 + -12. Let i(s) = -9*s + 1. Let m(u) = -4*u. Let y(v) = f*i(v) - 7*m(v). Let x(z) = -z**3 - 4*z**2 + 2*z + 5. Let t be x(-4). What is y(t)?
0
Let r(p) be the third derivative of -7/6*p**3 + 0*p - 1/24*p**4 + 1/120*p**6 + 0 + 1/12*p**5 - p**2. Let n(c) = -c + 4. Let b be n(9). Calculate r(b).
-2
Let d = -481 + 481. Let g(p) = p**2 - 1. Let w(c) = c**2 - 1. Let v(j) = -2*g(j) + 3*w(j). Determine v(d).
-1
Suppose -4*c = 27*v - 28*v - 5, 2*c = 5*v + 25. Let y(w) = 14*w - 5. Give y(c).
-5
Let c(w) be the third derivative of -w**3/3 + w**2. Let j(h) = -h + 11. Let f(p) = -14*c(p) - 2*j(p). Let m = -4402 + 4394. Calculate f(m).
-10
Let a(s) = s + 15. Let f(g) = 8. Let i(z) = 6*a(z) - 11*f(z). Calculate i(4).
26
Let g = 110 - 110. Let d(t) = t**3 + t**2 - t + 6. Calculate d(g).
6
Let z(i) = -i. Let v(r) = 3*r**2 + 9*r + 3. Let x(f) = -v(f) - 5*z(f). Suppose 12*t = -3 - 21. Determine x(t).
-7
Let f(n) = 4 + 4*n**2 + 3*n - 2*n - 3*n**2. Let d be (-2)/(-9) - (-515)/(-9). Let p = -57 - d. Determine f(p).
4
Let w(t) = -2*t + 17. Let i be w(7). Let q(g) = 5*g**i - 4*g**3 - 4 + 2 + g + 3*g**2. Determine q(-2).
0
Let g(c) = 238*c + 17 - 111*c - c**2 - 128*c. Suppose 3 = -2*y + p, -4*y - 4*p + 6 = -6. Give g(y).
17
Let c be 25/5 + -2 + 4. Let g(f) = -32*f + 14*f + 11*f + 11*f - 9. Give g(c).
19
Let q(d) = -5*d + 9. Suppose -w = 4*y + 2 + 5, 0 = -w - 3. Let i be 5/(y + 55/30). Give q(i).
-21
Let b = 11 + -6. Let q(c) be the first derivative of -c**2 + 6*c + 63. Calculate q(b).
-4
Let j(r) be the first derivative of -r**6/360 + r**5/20 + r**4/4 + 22*r**3/3 - 16. Let z(q) be the third derivative of j(q). What is z(7)?
-1
Let s(g) = -10*g + 4*g - g**2 - 2*g**2 - 3 + 4*g. Determine s(3).
-36
Let c = 611 + -608. Let d(w) = -4*w + 7. Calculate d(c).
-5
Suppose -3465 = -o - 3461. Let q(u) = 4*u - 3. Let x(m) = 12*m - 9. Let g(j) = 17*q(j) - 6*x(j). Give g(o).
-13
Let k(f) = f - 8. Let o(c) = -c**2 + 20. Let b be o(0). Let y be (20/15 - 3/9)*-20. Let v = b + y. What is k(v)?
-8
Let h(t) = 2*t**2 + t + 1. Suppose 2*l - 3 = r - 4, -3*l + 16 = -5*r. Determine h(l).
16
Let f(q) = -1939 - 1954 + q**2 + 3891 - 3*q. Suppose 2*p + 3 = 9. Give f(p).
-2
Let h be (-1)/(0 + (-4)/8). Let s(r) = r - 2. Let j be s(h). Suppose -2*n + 5*t = -8, 20 + j = -2*n - 2*t. Let f(l) = -l**3 - 5*l**2 + 6*l - 6. Determine f(n).
-6
Let s(w) = w - 6. Let g = 1656 - 1644. What is s(g)?
6
Suppose -3*j - 3*d + 9 = 0, -4 = 3*j - 3*d - 43. Let z(x) = x**2 - 3*x - 1. Determine z(j).
39
Let k(d) = -4*d + 1. Let g(q) = 11*q - 2. Suppose 3*o = -15 + 6. Let h(j) = o*g(j) - 8*k(j). Calculate h(0).
-2
Suppose -1 + 10 = v. Let r(t) = -10 - 14*t + 22*t - v*t. Determine r(-7).
-3
Let w(p) = -p**3 - 7*p**2 - 8*p + 4. Let b be w(-6). Suppose 0 = -2*l + b. Suppose 2*k = d - 14, -2*d = 5*k + l + 9. Let j(v) = v**2 - 4*v - 5. Give j(d).
-5
Let k(i) = 2*i. Suppose 6*p - 4*p = 3*s + 16, 14 = -p - 4*s. Suppose 0 = -3*f + f + o, -3*f - p*o = -14. Give k(f).
4
Let m(o) be the second derivative of -o**5/60 - o**4/12 + o**3/2 - 19*o**2/2 + 38*o. Let y(k) be the first derivative of m(k). Calculate y(2).
-5
Let a(i) = -770*i**3 - 3*i**2 + 7*i + i**2 + i**2 + 766*i**3. Let s(n) = -n**3 + n - 1. Let q(l) = -a(l) + 3*s(l). Calculate q(-2).
1
Let s(q) = -q**3 - 5*q**2 + 4*q - 8. Let m be s(-6). Let o(p) be the second derivative of -p**3/2 + 2*p**2 + 28*p. Determine o(m).
-8
Suppose -41*v + 410 = 123. Let w(r) = 4*r**2 + 2*r + 1. Let p be w(-1). Let c(b) = 3*b - 15 + b - p*b. Give c(v).
-8
Let s(g) = g**2 + 7*g - 6. Let j(f) be the first derivative of -3*f**2/2 + 26*f - 7. Let o be j(8). Suppose -3*c + o*c = 8. What is s(c)?
2
Suppose 3 + 2 = 5*q. Let k(v) = -v**3 + 7*v**2 + 11*v - 2. Let n(l) = -3*l**2 - 5*l + 1. Let j(p) = -3*k(p) - 7*n(p). What is j(q)?
4
Let g be ((-2)/(-3))/((-14)/(-231)). Let q = 16 - g. Let n(w) be the second derivative of -w**4/12 + 5*w**3/6 - 5*w**2/2 - 3*w. Determine n(q).
-5
Suppose 15*z - 20*z = 60. Let u(q) = -q**2 - 14*q - 23. What is u(z)?
1
Let l(h) = -h**2. Suppose 5 = -a - 0. Let u be (a - -2)*14/(-3). Let d = -13 + u. Calculate l(d).
-1
Let c(r) = 9*r + 7. Suppose 0 = 5*x - l + 24, 6*l + 1 = 5*l. Determine c(x).
-38
Let u(t) = t**3 - 8*t**2 - t + 11. Let b be u(8). Let j(d) = -b*d**2 + 9*d**3 - 5*d + 4*d**2 + 2*d**2 - 8*d**3. Calculate j(-4).
4
Let k be (-2 - 5)*36/(-63). Suppose 1 = -k*q - v + 6*v, 3*q = 4*v. Let x(o) = o**3 + 4*o**2 - o + 1. Calculate x(q).
5
Let c(b) = -b**3 + 7*b**2 + 9*b - 6. Let j be c(8). Let l(p) = 0 + 3*p**2 - 149*p - 3*p**3 + 74*p + 3 + 72*p. Calculate l(j).
-15
Let w(h) = -14*h - 10. Let d(u) = -9*u - 7. Let c(z) = 8*d(z) - 5*w(z). Determine c(5).
-16
Let x(w) = -3*w + 2*w - 1 + 2 + 0*w. Let g(m) = -6*m + 1. Let a(o) = g(o) - 4*x(o). Let n(q) = q**3 - 4*q**2 - 2. Let k be n(4). Determine a(k).
1
Suppose r + 0*r + 3*c + 5 = 0, -13 = 4*r + 5*c. Let t(w) = w**2 - 8*w - 2. Let s(g) = g**2 - 6*g - 2. Let q(j) = 3*s(j) - 2*t(j). Calculate q(r).
6
Let i(z) be the first derivative of 0*z**2 - 5*z + 9 - 1/6*z**3. Let h(d) be the first derivative of